 the remainder when 1097698 is divided by 383?
20
What is the remainder when 30090 is divided by 3340?
30
Calculate the remainder when 16482507 is divided by 915693.
33
What is the remainder when 56460 is divided by 14077?
152
What is the remainder when 755338252 is divided by 133?
130
Calculate the remainder when 15611611 is divided by 12254.
15
What is the remainder when 1701153 is divided by 169?
168
Calculate the remainder when 6980214 is divided by 1745048.
22
What is the remainder when 13746485 is divided by 1527385?
20
What is the remainder when 303443 is divided by 356?
131
What is the remainder when 65674439 is divided by 282?
23
Calculate the remainder when 316155 is divided by 1613.
7
What is the remainder when 420294 is divided by 208854?
2586
What is the remainder when 48737 is divided by 498?
431
Calculate the remainder when 38360 is divided by 338.
166
Calculate the remainder when 1632782 is divided by 3694.
34
Calculate the remainder when 346030 is divided by 11813.
3453
What is the remainder when 6000159 is divided by 857160?
39
Calculate the remainder when 7179641 is divided by 211165.
31
Calculate the remainder when 3423188 is divided by 456.
452
What is the remainder when 2375573 is divided by 269?
34
Calculate the remainder when 64636 is divided by 1456.
572
Calculate the remainder when 52453 is divided by 2379.
115
What is the remainder when 1325295 is divided by 27?
0
Calculate the remainder when 1438187 is divided by 719088.
11
Calculate the remainder when 640220 is divided by 12604.
10020
Calculate the remainder when 43308 is divided by 1597.
189
Calculate the remainder when 4439622 is divided by 14604.
6
What is the remainder when 38330 is divided by 37262?
1068
Calculate the remainder when 21725 is divided by 10733.
259
Calculate the remainder when 286161467 is divided by 51.
8
What is the remainder when 1240092 is divided by 102?
78
What is the remainder when 24300607 is divided by 32444?
51
What is the remainder when 1070898 is divided by 152814?
1200
What is the remainder when 17174 is divided by 97?
5
Calculate the remainder when 46089 is divided by 11048.
1897
Calculate the remainder when 3457090 is divided by 330.
10
What is the remainder when 83938122 is divided by 267?
264
Calculate the remainder when 38353376 is divided by 98.
96
Calculate the remainder when 25100 is divided by 4144.
236
Calculate the remainder when 613579500 is divided by 47.
46
What is the remainder when 25562 is divided by 54?
20
What is the remainder when 1332013 is divided by 296?
13
Calculate the remainder when 1533899 is divided by 511292.
23
What is the remainder when 44810848 is divided by 227?
140
Calculate the remainder when 3049524 is divided by 26.
10
What is the remainder when 274363 is divided by 6859?
3
Calculate the remainder when 81167 is divided by 1268.
15
Calculate the remainder when 165794 is divided by 7502.
750
Calculate the remainder when 129783 is divided by 5544.
2271
What is the remainder when 316961 is divided by 5911?
3678
Calculate the remainder when 52764910 is divided by 12.
10
Calculate the remainder when 1506160477 is divided by 5038.
5035
What is the remainder when 69944071 is divided by 632?
631
What is the remainder when 322716647 is divided by 355?
347
What is the remainder when 1097382 is divided by 7465?
27
What is the remainder when 21163497 is divided by 9?
6
What is the remainder when 4150418 is divided by 108?
86
Calculate the remainder when 409303 is divided by 88.
15
Calculate the remainder when 690359265 is divided by 68.
9
What is the remainder when 2816823 is divided by 2589?
2580
What is the remainder when 7444816 is divided by 3722386?
44
Calculate the remainder when 1769657 is divided by 294932.
65
Calculate the remainder when 1812275 is divided by 342.
17
Calculate the remainder when 3042316 is divided by 3042289.
27
Calculate the remainder when 5454267 is divided by 1056.
27
Calculate the remainder when 476952 is divided by 30.
12
Calculate the remainder when 2053869 is divided by 2053785.
84
What is the remainder when 1418247 is divided by 1531?
541
Calculate the remainder when 663707 is divided by 30168.
11
What is the remainder when 394442 is divided by 78?
74
What is the remainder when 141587 is divided by 70791?
5
Calculate the remainder when 56662 is divided by 640.
342
Calculate the remainder when 1938718 is divided by 160.
158
Calculate the remainder when 118841 is divided by 834.
413
What is the remainder when 701358 is divided by 175319?
82
Calculate the remainder when 384084 is divided by 42615.
549
What is the remainder when 800273 is divided by 160051?
18
Calculate the remainder when 293935 is divided by 20765.
3225
What is the remainder when 246325767 is divided by 4876?
4875
Calculate the remainder when 1473298993 is divided by 8314.
8309
What is the remainder when 24022488 is divided by 12011242?
4
Calculate the remainder when 107794596 is divided by 2219.
14
What is the remainder when 1099596 is divided by 11336?
4
What is the remainder when 44805 is divided by 10614?
2349
Calculate the remainder when 3423410 is divided by 175.
60
Calculate the remainder when 999568 is divided by 700.
668
Calculate the remainder when 2263938 is divided by 314.
312
Calculate the remainder when 336569 is divided by 757.
461
Calculate the remainder when 3992017 is divided by 997999.
21
What is the remainder when 201110 is divided by 456?
14
Calculate the remainder when 1289414 is divided by 214900.
14
What is the remainder when 4256943 is divided by 185078?
149
Calculate the remainder when 1619130 is divided by 3675.
2130
What is the remainder when 2849532 is divided by 1342?
466
Calculate the remainder when 11057347 is divided by 2764301.
143
Calculate the remainder when 1748507 is divided by 489.
332
Calculate the remainder when 75296 is divided by 240.
176
What is the remainder when 15815 is divided by 5927?
3961
Calculate the remainder when 3398580 is divided by 47.
10
Calculate the remainder when 250823 is divided by 50139.
128
What is the remainder when 861640603 is divided by 222?
217
Calculate the remainder when 534590 is divided by 17.
8
Calculate the remainder when 101789322 is divided by 33.
30
Calculate the remainder when 35839993 is divided by 35839986.
7
Calculate the remainder when 857571 is divided by 46.
39
What is the remainder when 27892096 is divided by 1497?
1489
What is the remainder when 1502334 is divided by 375577?
26
What is the remainder when 80520 is divided by 300?
120
Calculate the remainder when 483477 is divided by 519.
288
Calculate the remainder when 628995 is divided by 125565.
1170
Calculate the remainder when 566362 is divided by 1010.
762
Calculate the remainder when 23392700 is divided by 5203.
12
What is the remainder when 6994144 is divided by 85?
4
Calculate the remainder when 136555 is divided by 597.
439
Calculate the remainder when 678977 is divided by 678021.
956
Calculate the remainder when 4303220 is divided by 2151432.
356
What is the remainder when 450870 is divided by 510?
30
Calculate the remainder when 25866 is divided by 3217.
130
What is the remainder when 27449443 is divided by 31?
28
What is the remainder when 159493620 is divided by 157?
146
Calculate the remainder when 4475543 is divided by 497280.
23
What is the remainder when 276897 is divided by 679?
544
What is the remainder when 1787373 is divided by 223407?
117
What is the remainder when 33346810 is divided by 1499?
56
Calculate the remainder when 177843384 is divided by 22230422.
8
What is the remainder when 915163 is divided by 207?
16
What is the remainder when 679324 is divided by 299?
295
Calculate the remainder when 1364532 is divided by 454814.
90
Calculate the remainder when 419890 is divided by 15551.
13
What is the remainder when 1127334 is divided by 1783?
478
Calculate the remainder when 4541 is divided by 1479.
104
Calculate the remainder when 255314 is divided by 583.
543
Calculate the remainder when 881344 is divided by 293778.
10
What is the remainder when 4225583 is divided by 48?
47
What is the remainder when 5831938 is divided by 34508?
86
What is the remainder when 26527211 is divided by 26527205?
6
What is the remainder when 7881021 is divided by 7881